{"id":252,"date":"2023-06-27T10:08:47","date_gmt":"2023-06-27T08:08:47","guid":{"rendered":"https:\/\/2r3f.fr\/?page_id=252"},"modified":"2023-06-28T17:01:09","modified_gmt":"2023-06-28T15:01:09","slug":"publication-dolivier-thevenin","status":"publish","type":"page","link":"https:\/\/2r3f.fr\/index.php\/publication-dolivier-thevenin\/","title":{"rendered":"Publications d&rsquo;Olivier Thevenin"},"content":{"rendered":"\n<p>Th\u00e9venin , Olivier&nbsp;; Kitsopanidou, Kira (2022). \u00ab&nbsp;La place du pitch en festival dans le parcours de production de la s\u00e9rie No man\u2019s land : La cr\u00e9ation s\u00e9rielle en question(s)&nbsp;\u00bb. In&nbsp;: Bonhomme, B\u00e9r\u00e9nice ; Laurichesse, H\u00e9l\u00e8ne (dir.), <em>Pitchs, Workshops, Networks: Les enjeux des march\u00e9s de projets audiovisuels<\/em>, pp.37-49.<\/p>\n\n\n\n<p>Th\u00e9venin, Olivier (2009). <em>Sociologie d\u2019une institution cin\u00e9matographique: La S.R.F. et La Quinzaine des R\u00e9alisateurs.<\/em> Paris&nbsp;: L\u2019Harmattan 192 p. 978-2296094574.<\/p>\n\n\n\n<p>Th\u00e9venin, Olivier (2011).&nbsp;\u00bb La S.R.F. et la Quinzaine des R\u00e9alisateurs : un regard sociologique&nbsp;\u00bb. In&nbsp;: Beylot, Pierre&nbsp;; Le Corff, Isabelle&nbsp;; Marie, Michel (dir.), <em>Les images en question<\/em>, Presses Universitaires de Bordeaux, pp.177\u2014186.<\/p>\n\n\n\n<p>Th\u00e9venin, Olivier (2018). \u00ab&nbsp;Festival de s\u00e9ries et horizon temporel des spectateurs&nbsp;\u00bb. In&nbsp;: Belfakih, Abdelbaki ; P\u00e9quignot Bruno (dir<em>.), Professionnalisation des m\u00e9tiers des arts, de la culture et des m\u00e9dias<\/em>, L\u2019Harmattan, pp.145-160, Questions contemporaines.<\/p>\n\n\n\n<p>Th\u00e9venin, Olivier (2020). \u00ab&nbsp;Figure(s) du public des s\u00e9ries en Festival&nbsp;\u00bb. In&nbsp;: Boully, Fabien (dir.), <em>Troubles en s\u00e9rie. Les s\u00e9ries t\u00e9l\u00e9 en qu\u00eate de singularit\u00e9<\/em>, Presses Universitaires de Paris Nanterre, pp.215-225.<\/p>\n\n\n\n<p>Th\u00e9venin, Olivier (2021). \u00ab Le Festival de Cannes et la mont\u00e9e du cinema d\u2019auteur \u00e0 l\u2019\u00e8re de la mondialisation \u00bb. In : <em>Society &amp; Leisure<\/em>, vol. 44, n\u00b01: Film festivals: Metamorphosis of a Research Object and Field, pp. 37 \u2013 46.<\/p>\n\n\n\n<p>Th\u00e9venin, Olivier ; Moeschler, Olivier (2021). \u00ab Introduction \u2013 Les films de festival : m\u00e9taorphose d\u2019un objet et d\u2019un champ d\u2019\u00e9tudes \u00bb. In : <em>Society &amp; Leisure<\/em>, vol. 44, n\u00b01: Film festivals: Metamorphosis of a Research Object and Field, pp. 1 \u2013 9.<\/p>\n","protected":false},"excerpt":{"rendered":"<p>Th\u00e9venin , Olivier&nbsp;; Kitsopanidou, Kira (2022). \u00ab&nbsp;La place du pitch en festival dans le parcours de production de la s\u00e9rie No man\u2019s land : La cr\u00e9ation s\u00e9rielle en question(s)&nbsp;\u00bb. In&nbsp;: [&hellip;]<\/p>\n","protected":false},"author":1,"featured_media":0,"parent":0,"menu_order":0,"comment_status":"closed","ping_status":"closed","template":"","meta":{"site-sidebar-layout":"default","site-content-layout":"","ast-site-content-layout":"","site-content-style":"default","site-sidebar-style":"default","ast-global-header-display":"","ast-banner-title-visibility":"","ast-main-header-display":"","ast-hfb-above-header-display":"","ast-hfb-below-header-display":"","ast-hfb-mobile-header-display":"","site-post-title":"","ast-breadcrumbs-content":"","ast-featured-img":"","footer-sml-layout":"","theme-transparent-header-meta":"","adv-header-id-meta":"","stick-header-meta":"","header-above-stick-meta":"","header-main-stick-meta":"","header-below-stick-meta":"","astra-migrate-meta-layouts":"default","ast-page-background-enabled":"default","ast-page-background-meta":{"desktop":{"background-color":"var(--ast-global-color-4)","background-image":"","background-repeat":"repeat","background-position":"center center","background-size":"auto","background-attachment":"scroll","background-type":"","background-media":"","overlay-type":"","overlay-color":"","overlay-opacity":"","overlay-gradient":""},"tablet":{"background-color":"","background-image":"","background-repeat":"repeat","background-position":"center center","background-size":"auto","background-attachment":"scroll","background-type":"","background-media":"","overlay-type":"","overlay-color":"","overlay-opacity":"","overlay-gradient":""},"mobile":{"background-color":"","background-image":"","background-repeat":"repeat","background-position":"center center","background-size":"auto","background-attachment":"scroll","background-type":"","background-media":"","overlay-type":"","overlay-color":"","overlay-opacity":"","overlay-gradient":""}},"ast-content-background-meta":{"desktop":{"background-color":"var(--ast-global-color-5)","background-image":"","background-repeat":"repeat","background-position":"center center","background-size":"auto","background-attachment":"scroll","background-type":"","background-media":"","overlay-type":"","overlay-color":"","overlay-opacity":"","overlay-gradient":""},"tablet":{"background-color":"var(--ast-global-color-5)","background-image":"","background-repeat":"repeat","background-position":"center center","background-size":"auto","background-attachment":"scroll","background-type":"","background-media":"","overlay-type":"","overlay-color":"","overlay-opacity":"","overlay-gradient":""},"mobile":{"background-color":"var(--ast-global-color-5)","background-image":"","background-repeat":"repeat","background-position":"center center","background-size":"auto","background-attachment":"scroll","background-type":"","background-media":"","overlay-type":"","overlay-color":"","overlay-opacity":"","overlay-gradient":""}},"footnotes":""},"class_list":["post-252","page","type-page","status-publish","hentry"],"yoast_head":"<!-- This site is optimized with the Yoast SEO plugin v27.0 - https:\/\/yoast.com\/product\/yoast-seo-wordpress\/ -->\n<title>Publications d&#039;Olivier Thevenin - R\u00e9seau de Recherche Fran\u00e7ais sur les Festivals de Film<\/title>\n<meta name=\"robots\" content=\"index, follow, max-snippet:-1, max-image-preview:large, max-video-preview:-1\" \/>\n<link rel=\"canonical\" href=\"https:\/\/2r3f.fr\/index.php\/publication-dolivier-thevenin\/\" \/>\n<meta property=\"og:locale\" content=\"fr_FR\" \/>\n<meta property=\"og:type\" content=\"article\" \/>\n<meta property=\"og:title\" content=\"Publications d&#039;Olivier Thevenin - R\u00e9seau de Recherche Fran\u00e7ais sur les Festivals de Film\" \/>\n<meta property=\"og:description\" content=\"Th\u00e9venin , Olivier&nbsp;; Kitsopanidou, Kira (2022). \u00ab&nbsp;La place du pitch en festival dans le parcours de production de la s\u00e9rie No man\u2019s land : La cr\u00e9ation s\u00e9rielle en question(s)&nbsp;\u00bb. In&nbsp;: [&hellip;]\" \/>\n<meta property=\"og:url\" content=\"https:\/\/2r3f.fr\/index.php\/publication-dolivier-thevenin\/\" \/>\n<meta property=\"og:site_name\" content=\"R\u00e9seau de Recherche Fran\u00e7ais sur les Festivals de Film\" \/>\n<meta property=\"article:publisher\" content=\"https:\/\/www.facebook.com\/profile.php?id=100093713633073\" \/>\n<meta property=\"article:modified_time\" content=\"2023-06-28T15:01:09+00:00\" \/>\n<meta name=\"twitter:card\" content=\"summary_large_image\" \/>\n<meta name=\"twitter:label1\" content=\"Dur\u00e9e de lecture estim\u00e9e\" \/>\n\t<meta name=\"twitter:data1\" content=\"2 minutes\" \/>\n<script type=\"application\/ld+json\" class=\"yoast-schema-graph\">{\"@context\":\"https:\/\/schema.org\",\"@graph\":[{\"@type\":\"WebPage\",\"@id\":\"https:\/\/2r3f.fr\/index.php\/publication-dolivier-thevenin\/\",\"url\":\"https:\/\/2r3f.fr\/index.php\/publication-dolivier-thevenin\/\",\"name\":\"Publications d'Olivier Thevenin - R\u00e9seau de Recherche Fran\u00e7ais sur les Festivals de Film\",\"isPartOf\":{\"@id\":\"https:\/\/2r3f.fr\/#website\"},\"datePublished\":\"2023-06-27T08:08:47+00:00\",\"dateModified\":\"2023-06-28T15:01:09+00:00\",\"breadcrumb\":{\"@id\":\"https:\/\/2r3f.fr\/index.php\/publication-dolivier-thevenin\/#breadcrumb\"},\"inLanguage\":\"fr-FR\",\"potentialAction\":[{\"@type\":\"ReadAction\",\"target\":[\"https:\/\/2r3f.fr\/index.php\/publication-dolivier-thevenin\/\"]}]},{\"@type\":\"BreadcrumbList\",\"@id\":\"https:\/\/2r3f.fr\/index.php\/publication-dolivier-thevenin\/#breadcrumb\",\"itemListElement\":[{\"@type\":\"ListItem\",\"position\":1,\"name\":\"Accueil\",\"item\":\"https:\/\/2r3f.fr\/\"},{\"@type\":\"ListItem\",\"position\":2,\"name\":\"Publications d&rsquo;Olivier Thevenin\"}]},{\"@type\":\"WebSite\",\"@id\":\"https:\/\/2r3f.fr\/#website\",\"url\":\"https:\/\/2r3f.fr\/\",\"name\":\"2R3F - R\u00e9seau de Recherche Fran\u00e7ais sur les Festivals de Films\",\"description\":\"2R3F - R\u00e9seau de Recherche Fran\u00e7ais sur les Festivals de Films festivals de film\",\"publisher\":{\"@id\":\"https:\/\/2r3f.fr\/#organization\"},\"potentialAction\":[{\"@type\":\"SearchAction\",\"target\":{\"@type\":\"EntryPoint\",\"urlTemplate\":\"https:\/\/2r3f.fr\/?s={search_term_string}\"},\"query-input\":{\"@type\":\"PropertyValueSpecification\",\"valueRequired\":true,\"valueName\":\"search_term_string\"}}],\"inLanguage\":\"fr-FR\"},{\"@type\":\"Organization\",\"@id\":\"https:\/\/2r3f.fr\/#organization\",\"name\":\"2R3F R\u00e9seau de Recherche Fran\u00e7ais sur les Festivals de Films\",\"url\":\"https:\/\/2r3f.fr\/\",\"logo\":{\"@type\":\"ImageObject\",\"inLanguage\":\"fr-FR\",\"@id\":\"https:\/\/2r3f.fr\/#\/schema\/logo\/image\/\",\"url\":\"https:\/\/2r3f.fr\/wp-content\/uploads\/2023\/06\/cropped-logo-vers-2.png\",\"contentUrl\":\"https:\/\/2r3f.fr\/wp-content\/uploads\/2023\/06\/cropped-logo-vers-2.png\",\"width\":1098,\"height\":435,\"caption\":\"2R3F R\u00e9seau de Recherche Fran\u00e7ais sur les Festivals de Films\"},\"image\":{\"@id\":\"https:\/\/2r3f.fr\/#\/schema\/logo\/image\/\"},\"sameAs\":[\"https:\/\/www.facebook.com\/profile.php?id=100093713633073\",\"https:\/\/www.instagram.com\/_2r3f_\/\",\"https:\/\/www.linkedin.com\/company\/2r3f-rseau-de-recherche-franais-sur-les-festivals-de-film\/about\/?viewAsMember=true\"]}]}<\/script>\n<!-- \/ Yoast SEO plugin. -->","yoast_head_json":{"title":"Publications d'Olivier Thevenin - R\u00e9seau de Recherche Fran\u00e7ais sur les Festivals de Film","robots":{"index":"index","follow":"follow","max-snippet":"max-snippet:-1","max-image-preview":"max-image-preview:large","max-video-preview":"max-video-preview:-1"},"canonical":"https:\/\/2r3f.fr\/index.php\/publication-dolivier-thevenin\/","og_locale":"fr_FR","og_type":"article","og_title":"Publications d'Olivier Thevenin - R\u00e9seau de Recherche Fran\u00e7ais sur les Festivals de Film","og_description":"Th\u00e9venin , Olivier&nbsp;; Kitsopanidou, Kira (2022). \u00ab&nbsp;La place du pitch en festival dans le parcours de production de la s\u00e9rie No man\u2019s land : La cr\u00e9ation s\u00e9rielle en question(s)&nbsp;\u00bb. In&nbsp;: [&hellip;]","og_url":"https:\/\/2r3f.fr\/index.php\/publication-dolivier-thevenin\/","og_site_name":"R\u00e9seau de Recherche Fran\u00e7ais sur les Festivals de Film","article_publisher":"https:\/\/www.facebook.com\/profile.php?id=100093713633073","article_modified_time":"2023-06-28T15:01:09+00:00","twitter_card":"summary_large_image","twitter_misc":{"Dur\u00e9e de lecture estim\u00e9e":"2 minutes"},"schema":{"@context":"https:\/\/schema.org","@graph":[{"@type":"WebPage","@id":"https:\/\/2r3f.fr\/index.php\/publication-dolivier-thevenin\/","url":"https:\/\/2r3f.fr\/index.php\/publication-dolivier-thevenin\/","name":"Publications d'Olivier Thevenin - R\u00e9seau de Recherche Fran\u00e7ais sur les Festivals de Film","isPartOf":{"@id":"https:\/\/2r3f.fr\/#website"},"datePublished":"2023-06-27T08:08:47+00:00","dateModified":"2023-06-28T15:01:09+00:00","breadcrumb":{"@id":"https:\/\/2r3f.fr\/index.php\/publication-dolivier-thevenin\/#breadcrumb"},"inLanguage":"fr-FR","potentialAction":[{"@type":"ReadAction","target":["https:\/\/2r3f.fr\/index.php\/publication-dolivier-thevenin\/"]}]},{"@type":"BreadcrumbList","@id":"https:\/\/2r3f.fr\/index.php\/publication-dolivier-thevenin\/#breadcrumb","itemListElement":[{"@type":"ListItem","position":1,"name":"Accueil","item":"https:\/\/2r3f.fr\/"},{"@type":"ListItem","position":2,"name":"Publications d&rsquo;Olivier Thevenin"}]},{"@type":"WebSite","@id":"https:\/\/2r3f.fr\/#website","url":"https:\/\/2r3f.fr\/","name":"2R3F - R\u00e9seau de Recherche Fran\u00e7ais sur les Festivals de Films","description":"2R3F - R\u00e9seau de Recherche Fran\u00e7ais sur les Festivals de Films festivals de film","publisher":{"@id":"https:\/\/2r3f.fr\/#organization"},"potentialAction":[{"@type":"SearchAction","target":{"@type":"EntryPoint","urlTemplate":"https:\/\/2r3f.fr\/?s={search_term_string}"},"query-input":{"@type":"PropertyValueSpecification","valueRequired":true,"valueName":"search_term_string"}}],"inLanguage":"fr-FR"},{"@type":"Organization","@id":"https:\/\/2r3f.fr\/#organization","name":"2R3F R\u00e9seau de Recherche Fran\u00e7ais sur les Festivals de Films","url":"https:\/\/2r3f.fr\/","logo":{"@type":"ImageObject","inLanguage":"fr-FR","@id":"https:\/\/2r3f.fr\/#\/schema\/logo\/image\/","url":"https:\/\/2r3f.fr\/wp-content\/uploads\/2023\/06\/cropped-logo-vers-2.png","contentUrl":"https:\/\/2r3f.fr\/wp-content\/uploads\/2023\/06\/cropped-logo-vers-2.png","width":1098,"height":435,"caption":"2R3F R\u00e9seau de Recherche Fran\u00e7ais sur les Festivals de Films"},"image":{"@id":"https:\/\/2r3f.fr\/#\/schema\/logo\/image\/"},"sameAs":["https:\/\/www.facebook.com\/profile.php?id=100093713633073","https:\/\/www.instagram.com\/_2r3f_\/","https:\/\/www.linkedin.com\/company\/2r3f-rseau-de-recherche-franais-sur-les-festivals-de-film\/about\/?viewAsMember=true"]}]}},"_links":{"self":[{"href":"https:\/\/2r3f.fr\/index.php\/wp-json\/wp\/v2\/pages\/252","targetHints":{"allow":["GET"]}}],"collection":[{"href":"https:\/\/2r3f.fr\/index.php\/wp-json\/wp\/v2\/pages"}],"about":[{"href":"https:\/\/2r3f.fr\/index.php\/wp-json\/wp\/v2\/types\/page"}],"author":[{"embeddable":true,"href":"https:\/\/2r3f.fr\/index.php\/wp-json\/wp\/v2\/users\/1"}],"replies":[{"embeddable":true,"href":"https:\/\/2r3f.fr\/index.php\/wp-json\/wp\/v2\/comments?post=252"}],"version-history":[{"count":3,"href":"https:\/\/2r3f.fr\/index.php\/wp-json\/wp\/v2\/pages\/252\/revisions"}],"predecessor-version":[{"id":447,"href":"https:\/\/2r3f.fr\/index.php\/wp-json\/wp\/v2\/pages\/252\/revisions\/447"}],"wp:attachment":[{"href":"https:\/\/2r3f.fr\/index.php\/wp-json\/wp\/v2\/media?parent=252"}],"curies":[{"name":"wp","href":"https:\/\/api.w.org\/{rel}","templated":true}]}}

<p>Thévenin , Olivier&nbsp;; Kitsopanidou, Kira (2022). «&nbsp;La place du pitch en festival dans le parcours de production de la série No man’s land : La création sérielle en question(s)&nbsp;». In&nbsp;: Bonhomme, Bérénice ; Laurichesse, Hélène (dir.), <em>Pitchs, Workshops, Networks: Les enjeux des marchés de projets audiovisuels</em>, pp.37-49.</p>



<p>Thévenin, Olivier (2009). <em>Sociologie d’une institution cinématographique: La S.R.F. et La Quinzaine des Réalisateurs.</em> Paris&nbsp;: L’Harmattan 192 p. 978-2296094574.</p>



<p>Thévenin, Olivier (2011).&nbsp;» La S.R.F. et la Quinzaine des Réalisateurs : un regard sociologique&nbsp;». In&nbsp;: Beylot, Pierre&nbsp;; Le Corff, Isabelle&nbsp;; Marie, Michel (dir.), <em>Les images en question</em>, Presses Universitaires de Bordeaux, pp.177—186.</p>



<p>Thévenin, Olivier (2018). «&nbsp;Festival de séries et horizon temporel des spectateurs&nbsp;». In&nbsp;: Belfakih, Abdelbaki ; Péquignot Bruno (dir<em>.), Professionnalisation des métiers des arts, de la culture et des médias</em>, L’Harmattan, pp.145-160, Questions contemporaines.</p>



<p>Thévenin, Olivier (2020). «&nbsp;Figure(s) du public des séries en Festival&nbsp;». In&nbsp;: Boully, Fabien (dir.), <em>Troubles en série. Les séries télé en quête de singularité</em>, Presses Universitaires de Paris Nanterre, pp.215-225.</p>



<p>Thévenin, Olivier (2021). « Le Festival de Cannes et la montée du cinema d’auteur à l’ère de la mondialisation ». In : <em>Society &amp; Leisure</em>, vol. 44, n°1: Film festivals: Metamorphosis of a Research Object and Field, pp. 37 – 46.</p>



<p>Thévenin, Olivier ; Moeschler, Olivier (2021). « Introduction – Les films de festival : métaorphose d’un objet et d’un champ d’études ». In : <em>Society &amp; Leisure</em>, vol. 44, n°1: Film festivals: Metamorphosis of a Research Object and Field, pp. 1 – 9.</p>

<p>Thévenin , Olivier&nbsp;; Kitsopanidou, Kira (2022). «&nbsp;La place du pitch en festival dans le parcours de production de la série No man’s land : La création sérielle en question(s)&nbsp;». In&nbsp;: [&hellip;]</p>

<!-- This site is optimized with the Yoast SEO plugin v27.0 - https://yoast.com/product/yoast-seo-wordpress/ -->
<title>Publications d&#039;Olivier Thevenin - Réseau de Recherche Français sur les Festivals de Film</title>
<meta name="robots" content="index, follow, max-snippet:-1, max-image-preview:large, max-video-preview:-1" />
<link rel="canonical" href="https://2r3f.fr/index.php/publication-dolivier-thevenin/" />
<meta property="og:locale" content="fr_FR" />
<meta property="og:type" content="article" />
<meta property="og:title" content="Publications d&#039;Olivier Thevenin - Réseau de Recherche Français sur les Festivals de Film" />
<meta property="og:description" content="Thévenin , Olivier&nbsp;; Kitsopanidou, Kira (2022). «&nbsp;La place du pitch en festival dans le parcours de production de la série No man’s land : La création sérielle en question(s)&nbsp;». In&nbsp;: [&hellip;]" />
<meta property="og:url" content="https://2r3f.fr/index.php/publication-dolivier-thevenin/" />
<meta property="og:site_name" content="Réseau de Recherche Français sur les Festivals de Film" />
<meta property="article:publisher" content="https://www.facebook.com/profile.php?id=100093713633073" />
<meta property="article:modified_time" content="2023-06-28T15:01:09+00:00" />
<meta name="twitter:card" content="summary_large_image" />
<meta name="twitter:label1" content="Durée de lecture estimée" />
	<meta name="twitter:data1" content="2 minutes" />
<script type="application/ld+json" class="yoast-schema-graph">{"@context":"https://schema.org","@graph":[{"@type":"WebPage","@id":"https://2r3f.fr/index.php/publication-dolivier-thevenin/","url":"https://2r3f.fr/index.php/publication-dolivier-thevenin/","name":"Publications d'Olivier Thevenin - Réseau de Recherche Français sur les Festivals de Film","isPartOf":{"@id":"https://2r3f.fr/#website"},"datePublished":"2023-06-27T08:08:47+00:00","dateModified":"2023-06-28T15:01:09+00:00","breadcrumb":{"@id":"https://2r3f.fr/index.php/publication-dolivier-thevenin/#breadcrumb"},"inLanguage":"fr-FR","potentialAction":[{"@type":"ReadAction","target":["https://2r3f.fr/index.php/publication-dolivier-thevenin/"]}]},{"@type":"BreadcrumbList","@id":"https://2r3f.fr/index.php/publication-dolivier-thevenin/#breadcrumb","itemListElement":[{"@type":"ListItem","position":1,"name":"Accueil","item":"https://2r3f.fr/"},{"@type":"ListItem","position":2,"name":"Publications d&rsquo;Olivier Thevenin"}]},{"@type":"WebSite","@id":"https://2r3f.fr/#website","url":"https://2r3f.fr/","name":"2R3F - Réseau de Recherche Français sur les Festivals de Films","description":"2R3F - Réseau de Recherche Français sur les Festivals de Films festivals de film","publisher":{"@id":"https://2r3f.fr/#organization"},"potentialAction":[{"@type":"SearchAction","target":{"@type":"EntryPoint","urlTemplate":"https://2r3f.fr/?s={search_term_string}"},"query-input":{"@type":"PropertyValueSpecification","valueRequired":true,"valueName":"search_term_string"}}],"inLanguage":"fr-FR"},{"@type":"Organization","@id":"https://2r3f.fr/#organization","name":"2R3F Réseau de Recherche Français sur les Festivals de Films","url":"https://2r3f.fr/","logo":{"@type":"ImageObject","inLanguage":"fr-FR","@id":"https://2r3f.fr/#/schema/logo/image/","url":"https://2r3f.fr/wp-content/uploads/2023/06/cropped-logo-vers-2.png","contentUrl":"https://2r3f.fr/wp-content/uploads/2023/06/cropped-logo-vers-2.png","width":1098,"height":435,"caption":"2R3F Réseau de Recherche Français sur les Festivals de Films"},"image":{"@id":"https://2r3f.fr/#/schema/logo/image/"},"sameAs":["https://www.facebook.com/profile.php?id=100093713633073","https://www.instagram.com/_2r3f_/","https://www.linkedin.com/company/2r3f-rseau-de-recherche-franais-sur-les-festivals-de-film/about/?viewAsMember=true"]}]}</script>
<!-- / Yoast SEO plugin. -->

Publications d'Olivier Thevenin - Réseau de Recherche Français sur les Festivals de Film

Thévenin , Olivier&nbsp;; Kitsopanidou, Kira (2022). «&nbsp;La place du pitch en festival dans le parcours de production de la série No man’s land : La création sérielle en question(s)&nbsp;». In&nbsp;: [&hellip;]

Réseau de Recherche Français sur les Festivals de Film

2R3F - Réseau de Recherche Français sur les Festivals de Films

2R3F - Réseau de Recherche Français sur les Festivals de Films festivals de film

2R3F Réseau de Recherche Français sur les Festivals de Films
