{"id":609,"date":"2023-08-26T11:23:50","date_gmt":"2023-08-26T09:23:50","guid":{"rendered":"https:\/\/2r3f.fr\/?page_id=609"},"modified":"2023-08-26T12:32:41","modified_gmt":"2023-08-26T10:32:41","slug":"chaire-unesco-cifem-festivals-programmations-accompagnements-constructions-symboliques","status":"publish","type":"page","link":"https:\/\/2r3f.fr\/index.php\/chaire-unesco-cifem-festivals-programmations-accompagnements-constructions-symboliques\/","title":{"rendered":"chaire unesco CIFeM\u00a0 \/ Festivals : programmations, accompagnements, constructions symboliques"},"content":{"rendered":"\n<p><strong>Pilot\u00e9e par l\u2019Universit\u00e9 C\u00f4te d\u2019Azur (Nice, France), une chaire Unesco intitul\u00e9e \u00ab&nbsp;Cin\u00e9ma et imaginaires du f\u00e9minin en M\u00e9diterran\u00e9e&nbsp;<\/strong>\u00bb (CIFeM) commencera ses travaux \u00e0 l\u2019automne 2023. Parmi les trois axes autour desquels s\u2019articule ce projet de recherche, un axe intitul\u00e9 \u00ab&nbsp;<strong>Festivals&nbsp;: programmations, accompagnements, constructions symboliques<\/strong>&nbsp;\u00bb sera consacr\u00e9 \u00e0 la question des festivals de films. <\/p>\n\n\n\n<p>Cet axe entend r\u00e9fl\u00e9chir le r\u00f4le jou\u00e9 par les festivals de films dans la construction d\u2019un imaginaire du f\u00e9minin dans le cin\u00e9ma m\u00e9diterran\u00e9en. Plusieurs dimensions de l\u2019activit\u00e9 de ces acteurs seront prises en consid\u00e9ration dans ce cadre.<\/p>\n\n\n\n<p>Tout d\u2019abord, la pr\u00e9sence de films produits ou r\u00e9alis\u00e9s par des femmes issus de l\u2019aire m\u00e9diterran\u00e9enne dans les programmations des festivals constituera un angle d\u2019approche privil\u00e9gi\u00e9, afin de comprendre comment les festivals participent d\u2019une exposition possiblement privil\u00e9gi\u00e9e de ces films, dans les pays dans lesquels ils ont \u00e9t\u00e9 produits comme \u00e0 l\u2019international. Il s\u2019agira de distinguer dans ce cadre le r\u00f4le jou\u00e9 par les sections comp\u00e9titives et celui jou\u00e9 par les programmations sp\u00e9cifiques \u2013 hommage \u00e0 une cin\u00e9aste \/ section d\u00e9di\u00e9es aux cin\u00e9mas f\u00e9minins m\u00e9diterran\u00e9en \/ th\u00e9matiques mettant en jeu la condition des femmes dans l\u2019aire m\u00e9diterran\u00e9enne, etc. Cette facette de la recherche pourra permettre de mettre en \u00e9vidence l\u2019activit\u00e9 discursive des programmations en festivals, et cela \u00e0 un double niveau&nbsp;: dans leur capacit\u00e9 \u00e0 offrir une lecture de l\u2019actualit\u00e9 cin\u00e9matographique dans laquelle la question de genre constitue un prisme singulier, apte \u00e0 compenser d\u2019\u00e9ventuels m\u00e9canismes d\u2019invisibilisation&nbsp;; dans leur capacit\u00e9 \u00e0 interroger le r\u00e9el, et en l\u2019occurrence la condition f\u00e9minine dans l\u2019aire m\u00e9diterran\u00e9enne, par la construction de programmations aptes \u00e0 cr\u00e9er du sens par la confrontation de regards concordants ou discordants. Les discours d\u2019escorte qui accompagnent &#8211; par le biais des catalogues ou autres publications, des pr\u00e9sentations orales, des \u00e9ventuelles expositions, des propositions d\u2019\u00e9ducation \u00e0 l\u2019image associ\u00e9es\u2026 &#8211; la programmation de des films participent pleinement de cette activit\u00e9 discursive. L\u2019invitation de productrices, r\u00e9alisatrices, actrices\u2026 \u00e0 s\u2019exprimer sur les films ainsi propos\u00e9s contribue \u00e0 renforcer la port\u00e9e de ces actions. Enfin, d\u2019un point de vue symbolique, les r\u00e9compenses accord\u00e9es permettent de favoriser la circulation et la carri\u00e8re, nationale ou internationale, de films ainsi mis en exergue, et ce faisant d\u00e9multiplient la port\u00e9e de l\u2019ensemble de ces ph\u00e9nom\u00e8nes.<\/p>\n\n\n\n<p>Ensuite, les actions d\u2019accompagnement organis\u00e9es dans le cadre des festivals de films seront prises en consid\u00e9ration afin de comprendre comment elles contribuent \u00e0 favoriser l\u2019implication des femmes dans l\u2019industrie cin\u00e9matographique et\/ou \u00e0 mettre en avant certains discours sur le monde. Il peut s\u2019agir dans ce cadre d\u2019aides \u00e0 l\u2019\u00e9criture, d\u2019aides au d\u00e9veloppement, de mises en relations avec des dispositifs d\u2019accompagnement pr\u00e9existant, ou toute autre action susceptible de favoriser l\u2019\u00e9mergence, la cr\u00e9ation ou la circulation d\u2019\u0153uvres cin\u00e9matographiques produites ou r\u00e9alis\u00e9es par des femmes en M\u00e9diterran\u00e9e, ou \u00e9voquant des probl\u00e9matiques li\u00e9es \u00e0 la condition f\u00e9minine dans cette aire g\u00e9ographique.<\/p>\n\n\n\n<p>Enfin, les \u00e9quipes organisant les festivals en M\u00e9diterran\u00e9e pourront aussi constituer un angle de r\u00e9flexion, au regard de la pr\u00e9sence de femmes aux postes d\u00e9terminants (direction, programmation, responsabilit\u00e9 des dispositifs d\u2019accompagnement\u2026). Il s\u2019agira de comprendre comment ces personnalit\u00e9s participent, dans une perspective diachronique, de l\u2019adoption de directions sp\u00e9cifiques en termes de programmations ou de programmes d\u2019accompagnement, et comment cela influe sur l\u2019histoire et les caract\u00e9ristiques de ces dispositifs. L\u2019existence de r\u00e9seaux de relations, formels ou informels, accentuant ces ph\u00e9nom\u00e8nes, pourra de m\u00eame \u00eatre interrog\u00e9.<\/p>\n\n\n\n<p>Une \u00e9quipe de travail r\u00e9unissant des cheurcheur.e.s et des responsables de festivals est en cours de constitution autour de ces th\u00e9matiques&nbsp;: si vous souhaitez y \u00eatre associ\u00e9.e, n\u2019h\u00e9sitez pas \u00e0 prendre contact (christel.taillibert@univ-cotedazur.fr).<\/p>\n","protected":false},"excerpt":{"rendered":"<p>Pilot\u00e9e par l\u2019Universit\u00e9 C\u00f4te d\u2019Azur (Nice, France), une chaire Unesco intitul\u00e9e \u00ab&nbsp;Cin\u00e9ma et imaginaires du f\u00e9minin en M\u00e9diterran\u00e9e&nbsp;\u00bb (CIFeM) commencera ses travaux \u00e0 l\u2019automne 2023. Parmi les trois axes autour [&hellip;]<\/p>\n","protected":false},"author":1,"featured_media":0,"parent":0,"menu_order":0,"comment_status":"closed","ping_status":"closed","template":"","meta":{"site-sidebar-layout":"default","site-content-layout":"","ast-site-content-layout":"default","site-content-style":"default","site-sidebar-style":"default","ast-global-header-display":"","ast-banner-title-visibility":"","ast-main-header-display":"","ast-hfb-above-header-display":"","ast-hfb-below-header-display":"","ast-hfb-mobile-header-display":"","site-post-title":"","ast-breadcrumbs-content":"","ast-featured-img":"","footer-sml-layout":"","theme-transparent-header-meta":"","adv-header-id-meta":"","stick-header-meta":"","header-above-stick-meta":"","header-main-stick-meta":"","header-below-stick-meta":"","astra-migrate-meta-layouts":"set","ast-page-background-enabled":"default","ast-page-background-meta":{"desktop":{"background-color":"var(--ast-global-color-4)","background-image":"","background-repeat":"repeat","background-position":"center center","background-size":"auto","background-attachment":"scroll","background-type":"","background-media":"","overlay-type":"","overlay-color":"","overlay-opacity":"","overlay-gradient":""},"tablet":{"background-color":"","background-image":"","background-repeat":"repeat","background-position":"center center","background-size":"auto","background-attachment":"scroll","background-type":"","background-media":"","overlay-type":"","overlay-color":"","overlay-opacity":"","overlay-gradient":""},"mobile":{"background-color":"","background-image":"","background-repeat":"repeat","background-position":"center center","background-size":"auto","background-attachment":"scroll","background-type":"","background-media":"","overlay-type":"","overlay-color":"","overlay-opacity":"","overlay-gradient":""}},"ast-content-background-meta":{"desktop":{"background-color":"var(--ast-global-color-5)","background-image":"","background-repeat":"repeat","background-position":"center center","background-size":"auto","background-attachment":"scroll","background-type":"","background-media":"","overlay-type":"","overlay-color":"","overlay-opacity":"","overlay-gradient":""},"tablet":{"background-color":"var(--ast-global-color-5)","background-image":"","background-repeat":"repeat","background-position":"center center","background-size":"auto","background-attachment":"scroll","background-type":"","background-media":"","overlay-type":"","overlay-color":"","overlay-opacity":"","overlay-gradient":""},"mobile":{"background-color":"var(--ast-global-color-5)","background-image":"","background-repeat":"repeat","background-position":"center center","background-size":"auto","background-attachment":"scroll","background-type":"","background-media":"","overlay-type":"","overlay-color":"","overlay-opacity":"","overlay-gradient":""}},"footnotes":""},"class_list":["post-609","page","type-page","status-publish","hentry"],"yoast_head":"<!-- This site is optimized with the Yoast SEO plugin v27.0 - https:\/\/yoast.com\/product\/yoast-seo-wordpress\/ -->\n<title>chaire unesco CIFeM\u00a0 \/ Festivals : programmations, accompagnements, constructions symboliques - R\u00e9seau de Recherche Fran\u00e7ais sur les Festivals de Film<\/title>\n<meta name=\"robots\" content=\"index, follow, max-snippet:-1, max-image-preview:large, max-video-preview:-1\" \/>\n<link rel=\"canonical\" href=\"https:\/\/2r3f.fr\/index.php\/chaire-unesco-cifem-festivals-programmations-accompagnements-constructions-symboliques\/\" \/>\n<meta property=\"og:locale\" content=\"fr_FR\" \/>\n<meta property=\"og:type\" content=\"article\" \/>\n<meta property=\"og:title\" content=\"chaire unesco CIFeM\u00a0 \/ Festivals : programmations, accompagnements, constructions symboliques - R\u00e9seau de Recherche Fran\u00e7ais sur les Festivals de Film\" \/>\n<meta property=\"og:description\" content=\"Pilot\u00e9e par l\u2019Universit\u00e9 C\u00f4te d\u2019Azur (Nice, France), une chaire Unesco intitul\u00e9e \u00ab&nbsp;Cin\u00e9ma et imaginaires du f\u00e9minin en M\u00e9diterran\u00e9e&nbsp;\u00bb (CIFeM) commencera ses travaux \u00e0 l\u2019automne 2023. Parmi les trois axes autour [&hellip;]\" \/>\n<meta property=\"og:url\" content=\"https:\/\/2r3f.fr\/index.php\/chaire-unesco-cifem-festivals-programmations-accompagnements-constructions-symboliques\/\" \/>\n<meta property=\"og:site_name\" content=\"R\u00e9seau de Recherche Fran\u00e7ais sur les Festivals de Film\" \/>\n<meta property=\"article:publisher\" content=\"https:\/\/www.facebook.com\/profile.php?id=100093713633073\" \/>\n<meta property=\"article:modified_time\" content=\"2023-08-26T10:32:41+00:00\" \/>\n<meta name=\"twitter:card\" content=\"summary_large_image\" \/>\n<meta name=\"twitter:label1\" content=\"Dur\u00e9e de lecture estim\u00e9e\" \/>\n\t<meta name=\"twitter:data1\" content=\"3 minutes\" \/>\n<script type=\"application\/ld+json\" class=\"yoast-schema-graph\">{\"@context\":\"https:\/\/schema.org\",\"@graph\":[{\"@type\":\"WebPage\",\"@id\":\"https:\/\/2r3f.fr\/index.php\/chaire-unesco-cifem-festivals-programmations-accompagnements-constructions-symboliques\/\",\"url\":\"https:\/\/2r3f.fr\/index.php\/chaire-unesco-cifem-festivals-programmations-accompagnements-constructions-symboliques\/\",\"name\":\"chaire unesco CIFeM\u00a0 \/ Festivals : programmations, accompagnements, constructions symboliques - R\u00e9seau de Recherche Fran\u00e7ais sur les Festivals de Film\",\"isPartOf\":{\"@id\":\"https:\/\/2r3f.fr\/#website\"},\"datePublished\":\"2023-08-26T09:23:50+00:00\",\"dateModified\":\"2023-08-26T10:32:41+00:00\",\"breadcrumb\":{\"@id\":\"https:\/\/2r3f.fr\/index.php\/chaire-unesco-cifem-festivals-programmations-accompagnements-constructions-symboliques\/#breadcrumb\"},\"inLanguage\":\"fr-FR\",\"potentialAction\":[{\"@type\":\"ReadAction\",\"target\":[\"https:\/\/2r3f.fr\/index.php\/chaire-unesco-cifem-festivals-programmations-accompagnements-constructions-symboliques\/\"]}]},{\"@type\":\"BreadcrumbList\",\"@id\":\"https:\/\/2r3f.fr\/index.php\/chaire-unesco-cifem-festivals-programmations-accompagnements-constructions-symboliques\/#breadcrumb\",\"itemListElement\":[{\"@type\":\"ListItem\",\"position\":1,\"name\":\"Accueil\",\"item\":\"https:\/\/2r3f.fr\/\"},{\"@type\":\"ListItem\",\"position\":2,\"name\":\"chaire unesco CIFeM\u00a0 \/ Festivals : programmations, accompagnements, constructions symboliques\"}]},{\"@type\":\"WebSite\",\"@id\":\"https:\/\/2r3f.fr\/#website\",\"url\":\"https:\/\/2r3f.fr\/\",\"name\":\"2R3F - R\u00e9seau de Recherche Fran\u00e7ais sur les Festivals de Films\",\"description\":\"2R3F - R\u00e9seau de Recherche Fran\u00e7ais sur les Festivals de Films festivals de film\",\"publisher\":{\"@id\":\"https:\/\/2r3f.fr\/#organization\"},\"potentialAction\":[{\"@type\":\"SearchAction\",\"target\":{\"@type\":\"EntryPoint\",\"urlTemplate\":\"https:\/\/2r3f.fr\/?s={search_term_string}\"},\"query-input\":{\"@type\":\"PropertyValueSpecification\",\"valueRequired\":true,\"valueName\":\"search_term_string\"}}],\"inLanguage\":\"fr-FR\"},{\"@type\":\"Organization\",\"@id\":\"https:\/\/2r3f.fr\/#organization\",\"name\":\"2R3F R\u00e9seau de Recherche Fran\u00e7ais sur les Festivals de Films\",\"url\":\"https:\/\/2r3f.fr\/\",\"logo\":{\"@type\":\"ImageObject\",\"inLanguage\":\"fr-FR\",\"@id\":\"https:\/\/2r3f.fr\/#\/schema\/logo\/image\/\",\"url\":\"https:\/\/2r3f.fr\/wp-content\/uploads\/2023\/06\/cropped-logo-vers-2.png\",\"contentUrl\":\"https:\/\/2r3f.fr\/wp-content\/uploads\/2023\/06\/cropped-logo-vers-2.png\",\"width\":1098,\"height\":435,\"caption\":\"2R3F R\u00e9seau de Recherche Fran\u00e7ais sur les Festivals de Films\"},\"image\":{\"@id\":\"https:\/\/2r3f.fr\/#\/schema\/logo\/image\/\"},\"sameAs\":[\"https:\/\/www.facebook.com\/profile.php?id=100093713633073\",\"https:\/\/www.instagram.com\/_2r3f_\/\",\"https:\/\/www.linkedin.com\/company\/2r3f-rseau-de-recherche-franais-sur-les-festivals-de-film\/about\/?viewAsMember=true\"]}]}<\/script>\n<!-- \/ Yoast SEO plugin. -->","yoast_head_json":{"title":"chaire unesco CIFeM\u00a0 \/ Festivals : programmations, accompagnements, constructions symboliques - R\u00e9seau de Recherche Fran\u00e7ais sur les Festivals de Film","robots":{"index":"index","follow":"follow","max-snippet":"max-snippet:-1","max-image-preview":"max-image-preview:large","max-video-preview":"max-video-preview:-1"},"canonical":"https:\/\/2r3f.fr\/index.php\/chaire-unesco-cifem-festivals-programmations-accompagnements-constructions-symboliques\/","og_locale":"fr_FR","og_type":"article","og_title":"chaire unesco CIFeM\u00a0 \/ Festivals : programmations, accompagnements, constructions symboliques - R\u00e9seau de Recherche Fran\u00e7ais sur les Festivals de Film","og_description":"Pilot\u00e9e par l\u2019Universit\u00e9 C\u00f4te d\u2019Azur (Nice, France), une chaire Unesco intitul\u00e9e \u00ab&nbsp;Cin\u00e9ma et imaginaires du f\u00e9minin en M\u00e9diterran\u00e9e&nbsp;\u00bb (CIFeM) commencera ses travaux \u00e0 l\u2019automne 2023. Parmi les trois axes autour [&hellip;]","og_url":"https:\/\/2r3f.fr\/index.php\/chaire-unesco-cifem-festivals-programmations-accompagnements-constructions-symboliques\/","og_site_name":"R\u00e9seau de Recherche Fran\u00e7ais sur les Festivals de Film","article_publisher":"https:\/\/www.facebook.com\/profile.php?id=100093713633073","article_modified_time":"2023-08-26T10:32:41+00:00","twitter_card":"summary_large_image","twitter_misc":{"Dur\u00e9e de lecture estim\u00e9e":"3 minutes"},"schema":{"@context":"https:\/\/schema.org","@graph":[{"@type":"WebPage","@id":"https:\/\/2r3f.fr\/index.php\/chaire-unesco-cifem-festivals-programmations-accompagnements-constructions-symboliques\/","url":"https:\/\/2r3f.fr\/index.php\/chaire-unesco-cifem-festivals-programmations-accompagnements-constructions-symboliques\/","name":"chaire unesco CIFeM\u00a0 \/ Festivals : programmations, accompagnements, constructions symboliques - R\u00e9seau de Recherche Fran\u00e7ais sur les Festivals de Film","isPartOf":{"@id":"https:\/\/2r3f.fr\/#website"},"datePublished":"2023-08-26T09:23:50+00:00","dateModified":"2023-08-26T10:32:41+00:00","breadcrumb":{"@id":"https:\/\/2r3f.fr\/index.php\/chaire-unesco-cifem-festivals-programmations-accompagnements-constructions-symboliques\/#breadcrumb"},"inLanguage":"fr-FR","potentialAction":[{"@type":"ReadAction","target":["https:\/\/2r3f.fr\/index.php\/chaire-unesco-cifem-festivals-programmations-accompagnements-constructions-symboliques\/"]}]},{"@type":"BreadcrumbList","@id":"https:\/\/2r3f.fr\/index.php\/chaire-unesco-cifem-festivals-programmations-accompagnements-constructions-symboliques\/#breadcrumb","itemListElement":[{"@type":"ListItem","position":1,"name":"Accueil","item":"https:\/\/2r3f.fr\/"},{"@type":"ListItem","position":2,"name":"chaire unesco CIFeM\u00a0 \/ Festivals : programmations, accompagnements, constructions symboliques"}]},{"@type":"WebSite","@id":"https:\/\/2r3f.fr\/#website","url":"https:\/\/2r3f.fr\/","name":"2R3F - R\u00e9seau de Recherche Fran\u00e7ais sur les Festivals de Films","description":"2R3F - R\u00e9seau de Recherche Fran\u00e7ais sur les Festivals de Films festivals de film","publisher":{"@id":"https:\/\/2r3f.fr\/#organization"},"potentialAction":[{"@type":"SearchAction","target":{"@type":"EntryPoint","urlTemplate":"https:\/\/2r3f.fr\/?s={search_term_string}"},"query-input":{"@type":"PropertyValueSpecification","valueRequired":true,"valueName":"search_term_string"}}],"inLanguage":"fr-FR"},{"@type":"Organization","@id":"https:\/\/2r3f.fr\/#organization","name":"2R3F R\u00e9seau de Recherche Fran\u00e7ais sur les Festivals de Films","url":"https:\/\/2r3f.fr\/","logo":{"@type":"ImageObject","inLanguage":"fr-FR","@id":"https:\/\/2r3f.fr\/#\/schema\/logo\/image\/","url":"https:\/\/2r3f.fr\/wp-content\/uploads\/2023\/06\/cropped-logo-vers-2.png","contentUrl":"https:\/\/2r3f.fr\/wp-content\/uploads\/2023\/06\/cropped-logo-vers-2.png","width":1098,"height":435,"caption":"2R3F R\u00e9seau de Recherche Fran\u00e7ais sur les Festivals de Films"},"image":{"@id":"https:\/\/2r3f.fr\/#\/schema\/logo\/image\/"},"sameAs":["https:\/\/www.facebook.com\/profile.php?id=100093713633073","https:\/\/www.instagram.com\/_2r3f_\/","https:\/\/www.linkedin.com\/company\/2r3f-rseau-de-recherche-franais-sur-les-festivals-de-film\/about\/?viewAsMember=true"]}]}},"_links":{"self":[{"href":"https:\/\/2r3f.fr\/index.php\/wp-json\/wp\/v2\/pages\/609","targetHints":{"allow":["GET"]}}],"collection":[{"href":"https:\/\/2r3f.fr\/index.php\/wp-json\/wp\/v2\/pages"}],"about":[{"href":"https:\/\/2r3f.fr\/index.php\/wp-json\/wp\/v2\/types\/page"}],"author":[{"embeddable":true,"href":"https:\/\/2r3f.fr\/index.php\/wp-json\/wp\/v2\/users\/1"}],"replies":[{"embeddable":true,"href":"https:\/\/2r3f.fr\/index.php\/wp-json\/wp\/v2\/comments?post=609"}],"version-history":[{"count":2,"href":"https:\/\/2r3f.fr\/index.php\/wp-json\/wp\/v2\/pages\/609\/revisions"}],"predecessor-version":[{"id":622,"href":"https:\/\/2r3f.fr\/index.php\/wp-json\/wp\/v2\/pages\/609\/revisions\/622"}],"wp:attachment":[{"href":"https:\/\/2r3f.fr\/index.php\/wp-json\/wp\/v2\/media?parent=609"}],"curies":[{"name":"wp","href":"https:\/\/api.w.org\/{rel}","templated":true}]}}