{"id":673,"date":"2023-09-15T18:36:06","date_gmt":"2023-09-15T16:36:06","guid":{"rendered":"https:\/\/2r3f.fr\/?page_id=673"},"modified":"2023-09-15T18:40:58","modified_gmt":"2023-09-15T16:40:58","slug":"rencontre-2r3f1-avec-n-seweryn-6-oct-2023","status":"publish","type":"page","link":"https:\/\/2r3f.fr\/index.php\/rencontre-2r3f1-avec-n-seweryn-6-oct-2023\/","title":{"rendered":"Rencontre 2R3F#1 AVEC N. Seweryn (6 oct. 2023)"},"content":{"rendered":"\n<h6 class=\"wp-block-heading\">La programmation dans les festivals de films en France (2017-2021)<\/h6>\n\n\n\n<p>L\u2019ensemble des festivals fran\u00e7ais structurent un r\u00e9seau de l\u00e9gitimit\u00e9 et de reconnaissance pour les films qui y sont mis en avant. \u00c0 partir d\u2019une s\u00e9rie d\u2019entretiens, d\u2019une analyse des m\u00e9thodes de s\u00e9lection, ainsi que d\u2019une liste de films et de leur circulation, ma recherche s\u2019int\u00e9resse \u00e0 la fa\u00e7on dont la programmation s\u2019y d\u00e9cide, avec une attention port\u00e9e \u00e0 la p\u00e9riode allant de 2017 \u00e0 2021. Dans cette pr\u00e9sentation, je pr\u00e9senterai le cadre th\u00e9orique de ma recherche.<br><br><a href=\"https:\/\/2r3f.fr\/index.php\/projet-en-cours\/\">Natacha&nbsp;Seweryn<\/a>, directrice de la programmation du Festival International du Film Ind\u00e9pendant de Bordeaux et Doctorante en Arts, Universit\u00e9 Paris 8, laboratoire ESTCA (Esth\u00e9tique, sciences et technologies du cin\u00e9ma et de l\u2019audiovisuel).<\/p>\n\n\n\n<p><strong>Pour assister \u00e0 la rencontre, rendez-vous \u00e0 14h sur le lien Zoom suivant&nbsp;:<\/strong><\/p>\n\n\n\n<figure class=\"wp-block-embed\"><div class=\"wp-block-embed__wrapper\">\nhttps:\/\/univ-cotedazur.zoom.us\/j\/83189733865?pwd=c3ErcVhQV3hoUkYxUkxRc0JQR0pEUT09\n<\/div><\/figure>\n\n\n\n<p>ID de r\u00e9union&nbsp;: 831 8973 3865<\/p>\n\n\n\n<p>Code secret&nbsp;: 877879<\/p>\n","protected":false},"excerpt":{"rendered":"<p>La programmation dans les festivals de films en France (2017-2021) L\u2019ensemble des festivals fran\u00e7ais structurent un r\u00e9seau de l\u00e9gitimit\u00e9 et de reconnaissance pour les films qui y sont mis en [&hellip;]<\/p>\n","protected":false},"author":1,"featured_media":0,"parent":0,"menu_order":0,"comment_status":"closed","ping_status":"closed","template":"","meta":{"site-sidebar-layout":"default","site-content-layout":"","ast-site-content-layout":"default","site-content-style":"default","site-sidebar-style":"default","ast-global-header-display":"","ast-banner-title-visibility":"","ast-main-header-display":"","ast-hfb-above-header-display":"","ast-hfb-below-header-display":"","ast-hfb-mobile-header-display":"","site-post-title":"","ast-breadcrumbs-content":"","ast-featured-img":"","footer-sml-layout":"","theme-transparent-header-meta":"","adv-header-id-meta":"","stick-header-meta":"","header-above-stick-meta":"","header-main-stick-meta":"","header-below-stick-meta":"","astra-migrate-meta-layouts":"set","ast-page-background-enabled":"default","ast-page-background-meta":{"desktop":{"background-color":"var(--ast-global-color-4)","background-image":"","background-repeat":"repeat","background-position":"center center","background-size":"auto","background-attachment":"scroll","background-type":"","background-media":"","overlay-type":"","overlay-color":"","overlay-opacity":"","overlay-gradient":""},"tablet":{"background-color":"","background-image":"","background-repeat":"repeat","background-position":"center center","background-size":"auto","background-attachment":"scroll","background-type":"","background-media":"","overlay-type":"","overlay-color":"","overlay-opacity":"","overlay-gradient":""},"mobile":{"background-color":"","background-image":"","background-repeat":"repeat","background-position":"center center","background-size":"auto","background-attachment":"scroll","background-type":"","background-media":"","overlay-type":"","overlay-color":"","overlay-opacity":"","overlay-gradient":""}},"ast-content-background-meta":{"desktop":{"background-color":"var(--ast-global-color-5)","background-image":"","background-repeat":"repeat","background-position":"center center","background-size":"auto","background-attachment":"scroll","background-type":"","background-media":"","overlay-type":"","overlay-color":"","overlay-opacity":"","overlay-gradient":""},"tablet":{"background-color":"var(--ast-global-color-5)","background-image":"","background-repeat":"repeat","background-position":"center center","background-size":"auto","background-attachment":"scroll","background-type":"","background-media":"","overlay-type":"","overlay-color":"","overlay-opacity":"","overlay-gradient":""},"mobile":{"background-color":"var(--ast-global-color-5)","background-image":"","background-repeat":"repeat","background-position":"center center","background-size":"auto","background-attachment":"scroll","background-type":"","background-media":"","overlay-type":"","overlay-color":"","overlay-opacity":"","overlay-gradient":""}},"footnotes":""},"class_list":["post-673","page","type-page","status-publish","hentry"],"yoast_head":"<!-- This site is optimized with the Yoast SEO plugin v27.0 - https:\/\/yoast.com\/product\/yoast-seo-wordpress\/ -->\n<title>Rencontre 2R3F#1 AVEC N. Seweryn (6 oct. 2023) - R\u00e9seau de Recherche Fran\u00e7ais sur les Festivals de Film<\/title>\n<meta name=\"robots\" content=\"index, follow, max-snippet:-1, max-image-preview:large, max-video-preview:-1\" \/>\n<link rel=\"canonical\" href=\"https:\/\/2r3f.fr\/index.php\/rencontre-2r3f1-avec-n-seweryn-6-oct-2023\/\" \/>\n<meta property=\"og:locale\" content=\"fr_FR\" \/>\n<meta property=\"og:type\" content=\"article\" \/>\n<meta property=\"og:title\" content=\"Rencontre 2R3F#1 AVEC N. Seweryn (6 oct. 2023) - R\u00e9seau de Recherche Fran\u00e7ais sur les Festivals de Film\" \/>\n<meta property=\"og:description\" content=\"La programmation dans les festivals de films en France (2017-2021) L\u2019ensemble des festivals fran\u00e7ais structurent un r\u00e9seau de l\u00e9gitimit\u00e9 et de reconnaissance pour les films qui y sont mis en [&hellip;]\" \/>\n<meta property=\"og:url\" content=\"https:\/\/2r3f.fr\/index.php\/rencontre-2r3f1-avec-n-seweryn-6-oct-2023\/\" \/>\n<meta property=\"og:site_name\" content=\"R\u00e9seau de Recherche Fran\u00e7ais sur les Festivals de Film\" \/>\n<meta property=\"article:publisher\" content=\"https:\/\/www.facebook.com\/profile.php?id=100093713633073\" \/>\n<meta property=\"article:modified_time\" content=\"2023-09-15T16:40:58+00:00\" \/>\n<meta name=\"twitter:card\" content=\"summary_large_image\" \/>\n<meta name=\"twitter:label1\" content=\"Dur\u00e9e de lecture estim\u00e9e\" \/>\n\t<meta name=\"twitter:data1\" content=\"1 minute\" \/>\n<script type=\"application\/ld+json\" class=\"yoast-schema-graph\">{\"@context\":\"https:\/\/schema.org\",\"@graph\":[{\"@type\":\"WebPage\",\"@id\":\"https:\/\/2r3f.fr\/index.php\/rencontre-2r3f1-avec-n-seweryn-6-oct-2023\/\",\"url\":\"https:\/\/2r3f.fr\/index.php\/rencontre-2r3f1-avec-n-seweryn-6-oct-2023\/\",\"name\":\"Rencontre 2R3F#1 AVEC N. Seweryn (6 oct. 2023) - R\u00e9seau de Recherche Fran\u00e7ais sur les Festivals de Film\",\"isPartOf\":{\"@id\":\"https:\/\/2r3f.fr\/#website\"},\"datePublished\":\"2023-09-15T16:36:06+00:00\",\"dateModified\":\"2023-09-15T16:40:58+00:00\",\"breadcrumb\":{\"@id\":\"https:\/\/2r3f.fr\/index.php\/rencontre-2r3f1-avec-n-seweryn-6-oct-2023\/#breadcrumb\"},\"inLanguage\":\"fr-FR\",\"potentialAction\":[{\"@type\":\"ReadAction\",\"target\":[\"https:\/\/2r3f.fr\/index.php\/rencontre-2r3f1-avec-n-seweryn-6-oct-2023\/\"]}]},{\"@type\":\"BreadcrumbList\",\"@id\":\"https:\/\/2r3f.fr\/index.php\/rencontre-2r3f1-avec-n-seweryn-6-oct-2023\/#breadcrumb\",\"itemListElement\":[{\"@type\":\"ListItem\",\"position\":1,\"name\":\"Accueil\",\"item\":\"https:\/\/2r3f.fr\/\"},{\"@type\":\"ListItem\",\"position\":2,\"name\":\"Rencontre 2R3F#1 AVEC N. Seweryn (6 oct. 2023)\"}]},{\"@type\":\"WebSite\",\"@id\":\"https:\/\/2r3f.fr\/#website\",\"url\":\"https:\/\/2r3f.fr\/\",\"name\":\"2R3F - R\u00e9seau de Recherche Fran\u00e7ais sur les Festivals de Films\",\"description\":\"2R3F - R\u00e9seau de Recherche Fran\u00e7ais sur les Festivals de Films festivals de film\",\"publisher\":{\"@id\":\"https:\/\/2r3f.fr\/#organization\"},\"potentialAction\":[{\"@type\":\"SearchAction\",\"target\":{\"@type\":\"EntryPoint\",\"urlTemplate\":\"https:\/\/2r3f.fr\/?s={search_term_string}\"},\"query-input\":{\"@type\":\"PropertyValueSpecification\",\"valueRequired\":true,\"valueName\":\"search_term_string\"}}],\"inLanguage\":\"fr-FR\"},{\"@type\":\"Organization\",\"@id\":\"https:\/\/2r3f.fr\/#organization\",\"name\":\"2R3F R\u00e9seau de Recherche Fran\u00e7ais sur les Festivals de Films\",\"url\":\"https:\/\/2r3f.fr\/\",\"logo\":{\"@type\":\"ImageObject\",\"inLanguage\":\"fr-FR\",\"@id\":\"https:\/\/2r3f.fr\/#\/schema\/logo\/image\/\",\"url\":\"https:\/\/2r3f.fr\/wp-content\/uploads\/2023\/06\/cropped-logo-vers-2.png\",\"contentUrl\":\"https:\/\/2r3f.fr\/wp-content\/uploads\/2023\/06\/cropped-logo-vers-2.png\",\"width\":1098,\"height\":435,\"caption\":\"2R3F R\u00e9seau de Recherche Fran\u00e7ais sur les Festivals de Films\"},\"image\":{\"@id\":\"https:\/\/2r3f.fr\/#\/schema\/logo\/image\/\"},\"sameAs\":[\"https:\/\/www.facebook.com\/profile.php?id=100093713633073\",\"https:\/\/www.instagram.com\/_2r3f_\/\",\"https:\/\/www.linkedin.com\/company\/2r3f-rseau-de-recherche-franais-sur-les-festivals-de-film\/about\/?viewAsMember=true\"]}]}<\/script>\n<!-- \/ Yoast SEO plugin. -->","yoast_head_json":{"title":"Rencontre 2R3F#1 AVEC N. Seweryn (6 oct. 2023) - R\u00e9seau de Recherche Fran\u00e7ais sur les Festivals de Film","robots":{"index":"index","follow":"follow","max-snippet":"max-snippet:-1","max-image-preview":"max-image-preview:large","max-video-preview":"max-video-preview:-1"},"canonical":"https:\/\/2r3f.fr\/index.php\/rencontre-2r3f1-avec-n-seweryn-6-oct-2023\/","og_locale":"fr_FR","og_type":"article","og_title":"Rencontre 2R3F#1 AVEC N. Seweryn (6 oct. 2023) - R\u00e9seau de Recherche Fran\u00e7ais sur les Festivals de Film","og_description":"La programmation dans les festivals de films en France (2017-2021) L\u2019ensemble des festivals fran\u00e7ais structurent un r\u00e9seau de l\u00e9gitimit\u00e9 et de reconnaissance pour les films qui y sont mis en [&hellip;]","og_url":"https:\/\/2r3f.fr\/index.php\/rencontre-2r3f1-avec-n-seweryn-6-oct-2023\/","og_site_name":"R\u00e9seau de Recherche Fran\u00e7ais sur les Festivals de Film","article_publisher":"https:\/\/www.facebook.com\/profile.php?id=100093713633073","article_modified_time":"2023-09-15T16:40:58+00:00","twitter_card":"summary_large_image","twitter_misc":{"Dur\u00e9e de lecture estim\u00e9e":"1 minute"},"schema":{"@context":"https:\/\/schema.org","@graph":[{"@type":"WebPage","@id":"https:\/\/2r3f.fr\/index.php\/rencontre-2r3f1-avec-n-seweryn-6-oct-2023\/","url":"https:\/\/2r3f.fr\/index.php\/rencontre-2r3f1-avec-n-seweryn-6-oct-2023\/","name":"Rencontre 2R3F#1 AVEC N. Seweryn (6 oct. 2023) - R\u00e9seau de Recherche Fran\u00e7ais sur les Festivals de Film","isPartOf":{"@id":"https:\/\/2r3f.fr\/#website"},"datePublished":"2023-09-15T16:36:06+00:00","dateModified":"2023-09-15T16:40:58+00:00","breadcrumb":{"@id":"https:\/\/2r3f.fr\/index.php\/rencontre-2r3f1-avec-n-seweryn-6-oct-2023\/#breadcrumb"},"inLanguage":"fr-FR","potentialAction":[{"@type":"ReadAction","target":["https:\/\/2r3f.fr\/index.php\/rencontre-2r3f1-avec-n-seweryn-6-oct-2023\/"]}]},{"@type":"BreadcrumbList","@id":"https:\/\/2r3f.fr\/index.php\/rencontre-2r3f1-avec-n-seweryn-6-oct-2023\/#breadcrumb","itemListElement":[{"@type":"ListItem","position":1,"name":"Accueil","item":"https:\/\/2r3f.fr\/"},{"@type":"ListItem","position":2,"name":"Rencontre 2R3F#1 AVEC N. Seweryn (6 oct. 2023)"}]},{"@type":"WebSite","@id":"https:\/\/2r3f.fr\/#website","url":"https:\/\/2r3f.fr\/","name":"2R3F - R\u00e9seau de Recherche Fran\u00e7ais sur les Festivals de Films","description":"2R3F - R\u00e9seau de Recherche Fran\u00e7ais sur les Festivals de Films festivals de film","publisher":{"@id":"https:\/\/2r3f.fr\/#organization"},"potentialAction":[{"@type":"SearchAction","target":{"@type":"EntryPoint","urlTemplate":"https:\/\/2r3f.fr\/?s={search_term_string}"},"query-input":{"@type":"PropertyValueSpecification","valueRequired":true,"valueName":"search_term_string"}}],"inLanguage":"fr-FR"},{"@type":"Organization","@id":"https:\/\/2r3f.fr\/#organization","name":"2R3F R\u00e9seau de Recherche Fran\u00e7ais sur les Festivals de Films","url":"https:\/\/2r3f.fr\/","logo":{"@type":"ImageObject","inLanguage":"fr-FR","@id":"https:\/\/2r3f.fr\/#\/schema\/logo\/image\/","url":"https:\/\/2r3f.fr\/wp-content\/uploads\/2023\/06\/cropped-logo-vers-2.png","contentUrl":"https:\/\/2r3f.fr\/wp-content\/uploads\/2023\/06\/cropped-logo-vers-2.png","width":1098,"height":435,"caption":"2R3F R\u00e9seau de Recherche Fran\u00e7ais sur les Festivals de Films"},"image":{"@id":"https:\/\/2r3f.fr\/#\/schema\/logo\/image\/"},"sameAs":["https:\/\/www.facebook.com\/profile.php?id=100093713633073","https:\/\/www.instagram.com\/_2r3f_\/","https:\/\/www.linkedin.com\/company\/2r3f-rseau-de-recherche-franais-sur-les-festivals-de-film\/about\/?viewAsMember=true"]}]}},"_links":{"self":[{"href":"https:\/\/2r3f.fr\/index.php\/wp-json\/wp\/v2\/pages\/673","targetHints":{"allow":["GET"]}}],"collection":[{"href":"https:\/\/2r3f.fr\/index.php\/wp-json\/wp\/v2\/pages"}],"about":[{"href":"https:\/\/2r3f.fr\/index.php\/wp-json\/wp\/v2\/types\/page"}],"author":[{"embeddable":true,"href":"https:\/\/2r3f.fr\/index.php\/wp-json\/wp\/v2\/users\/1"}],"replies":[{"embeddable":true,"href":"https:\/\/2r3f.fr\/index.php\/wp-json\/wp\/v2\/comments?post=673"}],"version-history":[{"count":2,"href":"https:\/\/2r3f.fr\/index.php\/wp-json\/wp\/v2\/pages\/673\/revisions"}],"predecessor-version":[{"id":677,"href":"https:\/\/2r3f.fr\/index.php\/wp-json\/wp\/v2\/pages\/673\/revisions\/677"}],"wp:attachment":[{"href":"https:\/\/2r3f.fr\/index.php\/wp-json\/wp\/v2\/media?parent=673"}],"curies":[{"name":"wp","href":"https:\/\/api.w.org\/{rel}","templated":true}]}}

<h6 class="wp-block-heading">La programmation dans les festivals de films en France (2017-2021)</h6>



<p>L’ensemble des festivals français structurent un réseau de légitimité et de reconnaissance pour les films qui y sont mis en avant. À partir d’une série d’entretiens, d’une analyse des méthodes de sélection, ainsi que d’une liste de films et de leur circulation, ma recherche s’intéresse à la façon dont la programmation s’y décide, avec une attention portée à la période allant de 2017 à 2021. Dans cette présentation, je présenterai le cadre théorique de ma recherche.<br><br><a href="https://2r3f.fr/index.php/projet-en-cours/">Natacha&nbsp;Seweryn</a>, directrice de la programmation du Festival International du Film Indépendant de Bordeaux et Doctorante en Arts, Université Paris 8, laboratoire ESTCA (Esthétique, sciences et technologies du cinéma et de l’audiovisuel).</p>



<p><strong>Pour assister à la rencontre, rendez-vous à 14h sur le lien Zoom suivant&nbsp;:</strong></p>



<figure class="wp-block-embed"><div class="wp-block-embed__wrapper">
https://univ-cotedazur.zoom.us/j/83189733865?pwd=c3ErcVhQV3hoUkYxUkxRc0JQR0pEUT09
</div></figure>



<p>ID de réunion&nbsp;: 831 8973 3865</p>



<p>Code secret&nbsp;: 877879</p>

<p>La programmation dans les festivals de films en France (2017-2021) L’ensemble des festivals français structurent un réseau de légitimité et de reconnaissance pour les films qui y sont mis en [&hellip;]</p>

<!-- This site is optimized with the Yoast SEO plugin v27.0 - https://yoast.com/product/yoast-seo-wordpress/ -->
<title>Rencontre 2R3F#1 AVEC N. Seweryn (6 oct. 2023) - Réseau de Recherche Français sur les Festivals de Film</title>
<meta name="robots" content="index, follow, max-snippet:-1, max-image-preview:large, max-video-preview:-1" />
<link rel="canonical" href="https://2r3f.fr/index.php/rencontre-2r3f1-avec-n-seweryn-6-oct-2023/" />
<meta property="og:locale" content="fr_FR" />
<meta property="og:type" content="article" />
<meta property="og:title" content="Rencontre 2R3F#1 AVEC N. Seweryn (6 oct. 2023) - Réseau de Recherche Français sur les Festivals de Film" />
<meta property="og:description" content="La programmation dans les festivals de films en France (2017-2021) L’ensemble des festivals français structurent un réseau de légitimité et de reconnaissance pour les films qui y sont mis en [&hellip;]" />
<meta property="og:url" content="https://2r3f.fr/index.php/rencontre-2r3f1-avec-n-seweryn-6-oct-2023/" />
<meta property="og:site_name" content="Réseau de Recherche Français sur les Festivals de Film" />
<meta property="article:publisher" content="https://www.facebook.com/profile.php?id=100093713633073" />
<meta property="article:modified_time" content="2023-09-15T16:40:58+00:00" />
<meta name="twitter:card" content="summary_large_image" />
<meta name="twitter:label1" content="Durée de lecture estimée" />
	<meta name="twitter:data1" content="1 minute" />
<script type="application/ld+json" class="yoast-schema-graph">{"@context":"https://schema.org","@graph":[{"@type":"WebPage","@id":"https://2r3f.fr/index.php/rencontre-2r3f1-avec-n-seweryn-6-oct-2023/","url":"https://2r3f.fr/index.php/rencontre-2r3f1-avec-n-seweryn-6-oct-2023/","name":"Rencontre 2R3F#1 AVEC N. Seweryn (6 oct. 2023) - Réseau de Recherche Français sur les Festivals de Film","isPartOf":{"@id":"https://2r3f.fr/#website"},"datePublished":"2023-09-15T16:36:06+00:00","dateModified":"2023-09-15T16:40:58+00:00","breadcrumb":{"@id":"https://2r3f.fr/index.php/rencontre-2r3f1-avec-n-seweryn-6-oct-2023/#breadcrumb"},"inLanguage":"fr-FR","potentialAction":[{"@type":"ReadAction","target":["https://2r3f.fr/index.php/rencontre-2r3f1-avec-n-seweryn-6-oct-2023/"]}]},{"@type":"BreadcrumbList","@id":"https://2r3f.fr/index.php/rencontre-2r3f1-avec-n-seweryn-6-oct-2023/#breadcrumb","itemListElement":[{"@type":"ListItem","position":1,"name":"Accueil","item":"https://2r3f.fr/"},{"@type":"ListItem","position":2,"name":"Rencontre 2R3F#1 AVEC N. Seweryn (6 oct. 2023)"}]},{"@type":"WebSite","@id":"https://2r3f.fr/#website","url":"https://2r3f.fr/","name":"2R3F - Réseau de Recherche Français sur les Festivals de Films","description":"2R3F - Réseau de Recherche Français sur les Festivals de Films festivals de film","publisher":{"@id":"https://2r3f.fr/#organization"},"potentialAction":[{"@type":"SearchAction","target":{"@type":"EntryPoint","urlTemplate":"https://2r3f.fr/?s={search_term_string}"},"query-input":{"@type":"PropertyValueSpecification","valueRequired":true,"valueName":"search_term_string"}}],"inLanguage":"fr-FR"},{"@type":"Organization","@id":"https://2r3f.fr/#organization","name":"2R3F Réseau de Recherche Français sur les Festivals de Films","url":"https://2r3f.fr/","logo":{"@type":"ImageObject","inLanguage":"fr-FR","@id":"https://2r3f.fr/#/schema/logo/image/","url":"https://2r3f.fr/wp-content/uploads/2023/06/cropped-logo-vers-2.png","contentUrl":"https://2r3f.fr/wp-content/uploads/2023/06/cropped-logo-vers-2.png","width":1098,"height":435,"caption":"2R3F Réseau de Recherche Français sur les Festivals de Films"},"image":{"@id":"https://2r3f.fr/#/schema/logo/image/"},"sameAs":["https://www.facebook.com/profile.php?id=100093713633073","https://www.instagram.com/_2r3f_/","https://www.linkedin.com/company/2r3f-rseau-de-recherche-franais-sur-les-festivals-de-film/about/?viewAsMember=true"]}]}</script>
<!-- / Yoast SEO plugin. -->

Rencontre 2R3F#1 AVEC N. Seweryn (6 oct. 2023) - Réseau de Recherche Français sur les Festivals de Film

La programmation dans les festivals de films en France (2017-2021) L’ensemble des festivals français structurent un réseau de légitimité et de reconnaissance pour les films qui y sont mis en [&hellip;]

Réseau de Recherche Français sur les Festivals de Film

2R3F - Réseau de Recherche Français sur les Festivals de Films

2R3F - Réseau de Recherche Français sur les Festivals de Films festivals de film

2R3F Réseau de Recherche Français sur les Festivals de Films
