{"id":951,"date":"2026-02-27T00:05:41","date_gmt":"2026-02-26T23:05:41","guid":{"rendered":"https:\/\/2r3f.fr\/?page_id=951"},"modified":"2026-02-28T15:24:23","modified_gmt":"2026-02-28T14:24:23","slug":"rencontre-18-jeremy-joseph-vachet","status":"publish","type":"page","link":"https:\/\/2r3f.fr\/index.php\/rencontre-18-jeremy-joseph-vachet\/","title":{"rendered":"Rencontre #18 &#8211; Jeremy vachet"},"content":{"rendered":"\n<p><strong>Celles et ceux que l\u2019on ne voit pas : approches crois\u00e9es du travail et des subjectivit\u00e9s dans le secteur des festivals de cin\u00e9ma et d\u2019audiovisuel<\/strong><\/p>\n\n\n\n<p>Paradoxalement, alors que les festivals de cin\u00e9ma et d\u2019audiovisuel sont au c\u0153ur de ce secteur, les conditions de production et de travail qui permettent leur existence font figure d\u2019angle mort dans la litt\u00e9rature acad\u00e9mique. L\u2019aura associ\u00e9 \u00e0 l\u2019\u00e9v\u00e9nement tend en effet \u00e0 invisibiliser les acteurs qui en assurent la mise en \u0153uvre. Pourtant, derri\u00e8re la diversit\u00e9 des festivals \u2014 allant du militantisme ind\u00e9pendant au glamour industriel \u2014 se cache un socle commun de conditions de travail\u00a0: pr\u00e9carit\u00e9, porosit\u00e9 entre vie priv\u00e9e et professionnelle, travail par projet, ergomanie, travail non r\u00e9mun\u00e9r\u00e9 en esp\u00e9rant une r\u00e9mun\u00e9ration future, \u00ab salaire psychique \u00bb, exploitation de soi, qu\u00eate de r\u00e9alisation par l\u2019activit\u00e9, comp\u00e9tition, mobilit\u00e9 g\u00e9ographique, et concentration dans certains centres urbains.\u00a0Bien que ce sacrifice personnel trouve ses racines dans une forte passion pour le cin\u00e9ma, il ne peut \u00eatre r\u00e9duit \u00e0 ses seules r\u00e9percussions psychosociales n\u00e9gatives. Ce travail offre des gratifications essentielles qu\u2019il est important d\u2019examiner afin de pr\u00e9server la subjectivit\u00e9 des professionnelles et des professionnels. En s&rsquo;appuyant sur des concepts issus de la sociologie, des cultural studies et de l\u2019\u00e9conomie politique, notre analyse cherche \u00e0 comprendre la tension entre l\u2019\u00e9panouissement individuel et l\u2019exploitation de soi, en tenant compte de l\u2019engagement des professionnel\u00b7les qui participent \u00e0 la vie des festivals.<\/p>\n\n\n\n<p>J\u00e9r\u00e9my Vachet a obtenu un doctorat (PhD) \u00e0 la School of Media and Communication de l&rsquo;universit\u00e9 de Leeds (Royaume-Uni) en 2019. Sa th\u00e8se porte sur les impacts psychosociaux de la pr\u00e9carit\u00e9 et de l&rsquo;ins\u00e9curit\u00e9, dans un contexte n\u00e9olib\u00e9ral, chez les musiciens ind\u00e9pendants. Depuis 2019, il est ma\u00eetre de conf\u00e9rences au d\u00e9partement Culture et Communication d&rsquo;Audencia, \u00e0 Nantes (France), et membre associ\u00e9 du LabSIC de l&rsquo;Universit\u00e9 Paris-Nord Sorbonne. Parmi ses publications r\u00e9centes, on trouve l\u2019ouvrage Fantasy, Neoliberalism and Precariousness publi\u00e9 par Emerald (2022), l&rsquo;article \u00ab Toward a sociological explanation of anxiety: Precariousness, class and gender among independent musicians \u00bb dans The Sociological Review (2024), ainsi que \u00ab Utopia isn&rsquo;t for Everyone \u00bb : In\u00e9galit\u00e9s de carri\u00e8re et strat\u00e9gies d&rsquo;adaptation chez les musiciennes ind\u00e9pendantes, dans la revue Biens Symboliques.<\/p>\n\n\n\n<p>Pour assister \u00e0 la rencontre, rendez-vous&nbsp;<strong>le 13 mars 2026 \u00e0 14h<\/strong>&nbsp;sur le lien Zoom suivant&nbsp;:<\/p>\n\n\n\n<p><a href=\"https:\/\/univ-cotedazur.zoom.us\/j\/89437918897?pwd=s7Xd4I3OquX6gwKBD0KJvMAWXqKra3.1\">https:\/\/univ-cotedazur.zoom.us\/j\/89437918897?pwd=s7Xd4I3OquX6gwKBD0KJvMAWXqKra3.1<\/a><\/p>\n\n\n\n<p>ID de r\u00e9union&nbsp;: 894 3791 8897<br>Code secret&nbsp;: 905616<\/p>\n","protected":false},"excerpt":{"rendered":"<p>Celles et ceux que l\u2019on ne voit pas : approches crois\u00e9es du travail et des subjectivit\u00e9s dans le secteur des festivals de cin\u00e9ma et d\u2019audiovisuel Paradoxalement, alors que les festivals [&hellip;]<\/p>\n","protected":false},"author":1,"featured_media":0,"parent":0,"menu_order":0,"comment_status":"closed","ping_status":"closed","template":"","meta":{"site-sidebar-layout":"default","site-content-layout":"","ast-site-content-layout":"default","site-content-style":"default","site-sidebar-style":"default","ast-global-header-display":"","ast-banner-title-visibility":"","ast-main-header-display":"","ast-hfb-above-header-display":"","ast-hfb-below-header-display":"","ast-hfb-mobile-header-display":"","site-post-title":"","ast-breadcrumbs-content":"","ast-featured-img":"","footer-sml-layout":"","theme-transparent-header-meta":"","adv-header-id-meta":"","stick-header-meta":"","header-above-stick-meta":"","header-main-stick-meta":"","header-below-stick-meta":"","astra-migrate-meta-layouts":"set","ast-page-background-enabled":"default","ast-page-background-meta":{"desktop":{"background-color":"var(--ast-global-color-4)","background-image":"","background-repeat":"repeat","background-position":"center center","background-size":"auto","background-attachment":"scroll","background-type":"","background-media":"","overlay-type":"","overlay-color":"","overlay-opacity":"","overlay-gradient":""},"tablet":{"background-color":"","background-image":"","background-repeat":"repeat","background-position":"center center","background-size":"auto","background-attachment":"scroll","background-type":"","background-media":"","overlay-type":"","overlay-color":"","overlay-opacity":"","overlay-gradient":""},"mobile":{"background-color":"","background-image":"","background-repeat":"repeat","background-position":"center center","background-size":"auto","background-attachment":"scroll","background-type":"","background-media":"","overlay-type":"","overlay-color":"","overlay-opacity":"","overlay-gradient":""}},"ast-content-background-meta":{"desktop":{"background-color":"var(--ast-global-color-5)","background-image":"","background-repeat":"repeat","background-position":"center center","background-size":"auto","background-attachment":"scroll","background-type":"","background-media":"","overlay-type":"","overlay-color":"","overlay-opacity":"","overlay-gradient":""},"tablet":{"background-color":"var(--ast-global-color-5)","background-image":"","background-repeat":"repeat","background-position":"center center","background-size":"auto","background-attachment":"scroll","background-type":"","background-media":"","overlay-type":"","overlay-color":"","overlay-opacity":"","overlay-gradient":""},"mobile":{"background-color":"var(--ast-global-color-5)","background-image":"","background-repeat":"repeat","background-position":"center center","background-size":"auto","background-attachment":"scroll","background-type":"","background-media":"","overlay-type":"","overlay-color":"","overlay-opacity":"","overlay-gradient":""}},"footnotes":""},"class_list":["post-951","page","type-page","status-publish","hentry"],"yoast_head":"<!-- This site is optimized with the Yoast SEO plugin v27.0 - https:\/\/yoast.com\/product\/yoast-seo-wordpress\/ -->\n<title>Rencontre #18 - Jeremy vachet - R\u00e9seau de Recherche Fran\u00e7ais sur les Festivals de Film<\/title>\n<meta name=\"robots\" content=\"index, follow, max-snippet:-1, max-image-preview:large, max-video-preview:-1\" \/>\n<link rel=\"canonical\" href=\"https:\/\/2r3f.fr\/index.php\/rencontre-18-jeremy-joseph-vachet\/\" \/>\n<meta property=\"og:locale\" content=\"fr_FR\" \/>\n<meta property=\"og:type\" content=\"article\" \/>\n<meta property=\"og:title\" content=\"Rencontre #18 - Jeremy vachet - R\u00e9seau de Recherche Fran\u00e7ais sur les Festivals de Film\" \/>\n<meta property=\"og:description\" content=\"Celles et ceux que l\u2019on ne voit pas : approches crois\u00e9es du travail et des subjectivit\u00e9s dans le secteur des festivals de cin\u00e9ma et d\u2019audiovisuel Paradoxalement, alors que les festivals [&hellip;]\" \/>\n<meta property=\"og:url\" content=\"https:\/\/2r3f.fr\/index.php\/rencontre-18-jeremy-joseph-vachet\/\" \/>\n<meta property=\"og:site_name\" content=\"R\u00e9seau de Recherche Fran\u00e7ais sur les Festivals de Film\" \/>\n<meta property=\"article:publisher\" content=\"https:\/\/www.facebook.com\/profile.php?id=100093713633073\" \/>\n<meta property=\"article:modified_time\" content=\"2026-02-28T14:24:23+00:00\" \/>\n<meta name=\"twitter:card\" content=\"summary_large_image\" \/>\n<meta name=\"twitter:label1\" content=\"Dur\u00e9e de lecture estim\u00e9e\" \/>\n\t<meta name=\"twitter:data1\" content=\"2 minutes\" \/>\n<script type=\"application\/ld+json\" class=\"yoast-schema-graph\">{\"@context\":\"https:\/\/schema.org\",\"@graph\":[{\"@type\":\"WebPage\",\"@id\":\"https:\/\/2r3f.fr\/index.php\/rencontre-18-jeremy-joseph-vachet\/\",\"url\":\"https:\/\/2r3f.fr\/index.php\/rencontre-18-jeremy-joseph-vachet\/\",\"name\":\"Rencontre #18 - Jeremy vachet - R\u00e9seau de Recherche Fran\u00e7ais sur les Festivals de Film\",\"isPartOf\":{\"@id\":\"https:\/\/2r3f.fr\/#website\"},\"datePublished\":\"2026-02-26T23:05:41+00:00\",\"dateModified\":\"2026-02-28T14:24:23+00:00\",\"breadcrumb\":{\"@id\":\"https:\/\/2r3f.fr\/index.php\/rencontre-18-jeremy-joseph-vachet\/#breadcrumb\"},\"inLanguage\":\"fr-FR\",\"potentialAction\":[{\"@type\":\"ReadAction\",\"target\":[\"https:\/\/2r3f.fr\/index.php\/rencontre-18-jeremy-joseph-vachet\/\"]}]},{\"@type\":\"BreadcrumbList\",\"@id\":\"https:\/\/2r3f.fr\/index.php\/rencontre-18-jeremy-joseph-vachet\/#breadcrumb\",\"itemListElement\":[{\"@type\":\"ListItem\",\"position\":1,\"name\":\"Accueil\",\"item\":\"https:\/\/2r3f.fr\/\"},{\"@type\":\"ListItem\",\"position\":2,\"name\":\"Rencontre #18 &#8211; Jeremy vachet\"}]},{\"@type\":\"WebSite\",\"@id\":\"https:\/\/2r3f.fr\/#website\",\"url\":\"https:\/\/2r3f.fr\/\",\"name\":\"2R3F - R\u00e9seau de Recherche Fran\u00e7ais sur les Festivals de Films\",\"description\":\"2R3F - R\u00e9seau de Recherche Fran\u00e7ais sur les Festivals de Films festivals de film\",\"publisher\":{\"@id\":\"https:\/\/2r3f.fr\/#organization\"},\"potentialAction\":[{\"@type\":\"SearchAction\",\"target\":{\"@type\":\"EntryPoint\",\"urlTemplate\":\"https:\/\/2r3f.fr\/?s={search_term_string}\"},\"query-input\":{\"@type\":\"PropertyValueSpecification\",\"valueRequired\":true,\"valueName\":\"search_term_string\"}}],\"inLanguage\":\"fr-FR\"},{\"@type\":\"Organization\",\"@id\":\"https:\/\/2r3f.fr\/#organization\",\"name\":\"2R3F R\u00e9seau de Recherche Fran\u00e7ais sur les Festivals de Films\",\"url\":\"https:\/\/2r3f.fr\/\",\"logo\":{\"@type\":\"ImageObject\",\"inLanguage\":\"fr-FR\",\"@id\":\"https:\/\/2r3f.fr\/#\/schema\/logo\/image\/\",\"url\":\"https:\/\/2r3f.fr\/wp-content\/uploads\/2023\/06\/cropped-logo-vers-2.png\",\"contentUrl\":\"https:\/\/2r3f.fr\/wp-content\/uploads\/2023\/06\/cropped-logo-vers-2.png\",\"width\":1098,\"height\":435,\"caption\":\"2R3F R\u00e9seau de Recherche Fran\u00e7ais sur les Festivals de Films\"},\"image\":{\"@id\":\"https:\/\/2r3f.fr\/#\/schema\/logo\/image\/\"},\"sameAs\":[\"https:\/\/www.facebook.com\/profile.php?id=100093713633073\",\"https:\/\/www.instagram.com\/_2r3f_\/\",\"https:\/\/www.linkedin.com\/company\/2r3f-rseau-de-recherche-franais-sur-les-festivals-de-film\/about\/?viewAsMember=true\"]}]}<\/script>\n<!-- \/ Yoast SEO plugin. -->","yoast_head_json":{"title":"Rencontre #18 - Jeremy vachet - R\u00e9seau de Recherche Fran\u00e7ais sur les Festivals de Film","robots":{"index":"index","follow":"follow","max-snippet":"max-snippet:-1","max-image-preview":"max-image-preview:large","max-video-preview":"max-video-preview:-1"},"canonical":"https:\/\/2r3f.fr\/index.php\/rencontre-18-jeremy-joseph-vachet\/","og_locale":"fr_FR","og_type":"article","og_title":"Rencontre #18 - Jeremy vachet - R\u00e9seau de Recherche Fran\u00e7ais sur les Festivals de Film","og_description":"Celles et ceux que l\u2019on ne voit pas : approches crois\u00e9es du travail et des subjectivit\u00e9s dans le secteur des festivals de cin\u00e9ma et d\u2019audiovisuel Paradoxalement, alors que les festivals [&hellip;]","og_url":"https:\/\/2r3f.fr\/index.php\/rencontre-18-jeremy-joseph-vachet\/","og_site_name":"R\u00e9seau de Recherche Fran\u00e7ais sur les Festivals de Film","article_publisher":"https:\/\/www.facebook.com\/profile.php?id=100093713633073","article_modified_time":"2026-02-28T14:24:23+00:00","twitter_card":"summary_large_image","twitter_misc":{"Dur\u00e9e de lecture estim\u00e9e":"2 minutes"},"schema":{"@context":"https:\/\/schema.org","@graph":[{"@type":"WebPage","@id":"https:\/\/2r3f.fr\/index.php\/rencontre-18-jeremy-joseph-vachet\/","url":"https:\/\/2r3f.fr\/index.php\/rencontre-18-jeremy-joseph-vachet\/","name":"Rencontre #18 - Jeremy vachet - R\u00e9seau de Recherche Fran\u00e7ais sur les Festivals de Film","isPartOf":{"@id":"https:\/\/2r3f.fr\/#website"},"datePublished":"2026-02-26T23:05:41+00:00","dateModified":"2026-02-28T14:24:23+00:00","breadcrumb":{"@id":"https:\/\/2r3f.fr\/index.php\/rencontre-18-jeremy-joseph-vachet\/#breadcrumb"},"inLanguage":"fr-FR","potentialAction":[{"@type":"ReadAction","target":["https:\/\/2r3f.fr\/index.php\/rencontre-18-jeremy-joseph-vachet\/"]}]},{"@type":"BreadcrumbList","@id":"https:\/\/2r3f.fr\/index.php\/rencontre-18-jeremy-joseph-vachet\/#breadcrumb","itemListElement":[{"@type":"ListItem","position":1,"name":"Accueil","item":"https:\/\/2r3f.fr\/"},{"@type":"ListItem","position":2,"name":"Rencontre #18 &#8211; Jeremy vachet"}]},{"@type":"WebSite","@id":"https:\/\/2r3f.fr\/#website","url":"https:\/\/2r3f.fr\/","name":"2R3F - R\u00e9seau de Recherche Fran\u00e7ais sur les Festivals de Films","description":"2R3F - R\u00e9seau de Recherche Fran\u00e7ais sur les Festivals de Films festivals de film","publisher":{"@id":"https:\/\/2r3f.fr\/#organization"},"potentialAction":[{"@type":"SearchAction","target":{"@type":"EntryPoint","urlTemplate":"https:\/\/2r3f.fr\/?s={search_term_string}"},"query-input":{"@type":"PropertyValueSpecification","valueRequired":true,"valueName":"search_term_string"}}],"inLanguage":"fr-FR"},{"@type":"Organization","@id":"https:\/\/2r3f.fr\/#organization","name":"2R3F R\u00e9seau de Recherche Fran\u00e7ais sur les Festivals de Films","url":"https:\/\/2r3f.fr\/","logo":{"@type":"ImageObject","inLanguage":"fr-FR","@id":"https:\/\/2r3f.fr\/#\/schema\/logo\/image\/","url":"https:\/\/2r3f.fr\/wp-content\/uploads\/2023\/06\/cropped-logo-vers-2.png","contentUrl":"https:\/\/2r3f.fr\/wp-content\/uploads\/2023\/06\/cropped-logo-vers-2.png","width":1098,"height":435,"caption":"2R3F R\u00e9seau de Recherche Fran\u00e7ais sur les Festivals de Films"},"image":{"@id":"https:\/\/2r3f.fr\/#\/schema\/logo\/image\/"},"sameAs":["https:\/\/www.facebook.com\/profile.php?id=100093713633073","https:\/\/www.instagram.com\/_2r3f_\/","https:\/\/www.linkedin.com\/company\/2r3f-rseau-de-recherche-franais-sur-les-festivals-de-film\/about\/?viewAsMember=true"]}]}},"_links":{"self":[{"href":"https:\/\/2r3f.fr\/index.php\/wp-json\/wp\/v2\/pages\/951","targetHints":{"allow":["GET"]}}],"collection":[{"href":"https:\/\/2r3f.fr\/index.php\/wp-json\/wp\/v2\/pages"}],"about":[{"href":"https:\/\/2r3f.fr\/index.php\/wp-json\/wp\/v2\/types\/page"}],"author":[{"embeddable":true,"href":"https:\/\/2r3f.fr\/index.php\/wp-json\/wp\/v2\/users\/1"}],"replies":[{"embeddable":true,"href":"https:\/\/2r3f.fr\/index.php\/wp-json\/wp\/v2\/comments?post=951"}],"version-history":[{"count":6,"href":"https:\/\/2r3f.fr\/index.php\/wp-json\/wp\/v2\/pages\/951\/revisions"}],"predecessor-version":[{"id":961,"href":"https:\/\/2r3f.fr\/index.php\/wp-json\/wp\/v2\/pages\/951\/revisions\/961"}],"wp:attachment":[{"href":"https:\/\/2r3f.fr\/index.php\/wp-json\/wp\/v2\/media?parent=951"}],"curies":[{"name":"wp","href":"https:\/\/api.w.org\/{rel}","templated":true}]}}